{"id":637,"date":"2020-09-04T15:21:53","date_gmt":"2020-09-04T13:21:53","guid":{"rendered":"https:\/\/beuel-mirecourt.eu\/WP\/?page_id=637"},"modified":"2025-05-12T20:25:38","modified_gmt":"2025-05-12T18:25:38","slug":"bureau","status":"publish","type":"page","link":"https:\/\/beuel-mirecourt.eu\/WP\/fr\/bureau\/","title":{"rendered":"Bureau"},"content":{"rendered":"\t\t<div data-elementor-type=\"wp-page\" data-elementor-id=\"637\" class=\"elementor elementor-637\" data-elementor-post-type=\"page\">\n\t\t\t\t\t\t<section class=\"elementor-section elementor-top-section elementor-element elementor-element-7b4f94f elementor-section-boxed elementor-section-height-default elementor-section-height-default\" data-id=\"7b4f94f\" data-element_type=\"section\">\n\t\t\t\t\t\t<div class=\"elementor-container elementor-column-gap-default\">\n\t\t\t\t\t<div class=\"elementor-column elementor-col-50 elementor-top-column elementor-element elementor-element-a206226\" data-id=\"a206226\" data-element_type=\"column\">\n\t\t\t<div class=\"elementor-widget-wrap elementor-element-populated\">\n\t\t\t\t\t\t<div class=\"elementor-element elementor-element-d6ad20e elementor-widget elementor-widget-image\" data-id=\"d6ad20e\" data-element_type=\"widget\" data-widget_type=\"image.default\">\n\t\t\t\t<div class=\"elementor-widget-container\">\n\t\t\t\t\t\t\t\t\t\t\t\t\t\t\t<img fetchpriority=\"high\" decoding=\"async\" width=\"800\" height=\"600\" src=\"https:\/\/beuel-mirecourt.eu\/WP\/wp-content\/uploads\/2025\/05\/Vorstand_tc_1-1024x768.jpg\" class=\"attachment-large size-large wp-image-4535\" alt=\"\" srcset=\"https:\/\/beuel-mirecourt.eu\/WP\/wp-content\/uploads\/2025\/05\/Vorstand_tc_1-1024x768.jpg 1024w, https:\/\/beuel-mirecourt.eu\/WP\/wp-content\/uploads\/2025\/05\/Vorstand_tc_1-300x225.jpg 300w, https:\/\/beuel-mirecourt.eu\/WP\/wp-content\/uploads\/2025\/05\/Vorstand_tc_1-768x576.jpg 768w, https:\/\/beuel-mirecourt.eu\/WP\/wp-content\/uploads\/2025\/05\/Vorstand_tc_1-1536x1152.jpg 1536w, https:\/\/beuel-mirecourt.eu\/WP\/wp-content\/uploads\/2025\/05\/Vorstand_tc_1.jpg 2000w\" sizes=\"(max-width: 800px) 100vw, 800px\" \/>\t\t\t\t\t\t\t\t\t\t\t\t\t\t\t<\/div>\n\t\t\t\t<\/div>\n\t\t\t\t<div class=\"elementor-element elementor-element-9df4570 elementor-widget elementor-widget-text-editor\" data-id=\"9df4570\" data-element_type=\"widget\" data-widget_type=\"text-editor.default\">\n\t\t\t\t<div class=\"elementor-widget-container\">\n\t\t\t\t\t\t\t\t\t<h2>Bureau<\/h2><table><tbody><tr><td><b>1. Pr\u00e9sidente:<\/b><\/td><td>Regina Haunhorst<\/td><\/tr><tr><td><b>1. 1er adjoint:<\/b><\/td><td>Helmut Dierks<\/td><\/tr><tr><td><b>2. 2i\u00e8me adjointe:<\/b><\/td><td>Silke Esch<\/td><\/tr><tr><td><b>Secr\u00e9taire:<\/b><\/td><td>Klaus Bayer<\/td><\/tr><tr><td><b>Tr\u00e9sori\u00e8re:<\/b><\/td><td>Christel Mpouma<\/td><\/tr><tr><td><b>Adjoint tr\u00e9sori\u00e8re:<\/b><\/td><td>Birgit Schuh<\/td><\/tr><tr><td><b>Assesseur:<\/b><\/td><td>Jennifer Haunhorst<\/td><\/tr><tr><td><b>Assesseur:<\/b><\/td><td>Marie M\u00e9chineau-Moormann<\/td><\/tr><tr><td>\u00a0<\/td><td>\u00a0<\/td><\/tr><tr><td>\u00a0<\/td><\/tr><tr><td><b>Anciens pr\u00e9sidents:<\/b><\/td><td>Hans Lennarz (2000 &#8211; 2013), Klaus Ebert (2013 &#8211; 2019)<\/td><\/tr><\/tbody><\/table>\t\t\t\t\t\t\t\t<\/div>\n\t\t\t\t<\/div>\n\t\t\t\t\t<\/div>\n\t\t<\/div>\n\t\t\t\t<div class=\"elementor-column elementor-col-50 elementor-top-column elementor-element elementor-element-af412e5\" data-id=\"af412e5\" data-element_type=\"column\">\n\t\t\t<div class=\"elementor-widget-wrap elementor-element-populated\">\n\t\t\t\t\t\t<div class=\"elementor-element elementor-element-d9fc28d elementor-widget elementor-widget-heading\" data-id=\"d9fc28d\" data-element_type=\"widget\" data-widget_type=\"heading.default\">\n\t\t\t\t<div class=\"elementor-widget-container\">\n\t\t\t\t\t<h2 class=\"elementor-heading-title elementor-size-default\">Salutation du Pr\u00e9sident d'honneur du comit\u00e9 de Jumelage de Beuel<\/h2>\t\t\t\t<\/div>\n\t\t\t\t<\/div>\n\t\t\t\t<div class=\"elementor-element elementor-element-d2a46e3 elementor-widget elementor-widget-text-editor\" data-id=\"d2a46e3\" data-element_type=\"widget\" data-widget_type=\"text-editor.default\">\n\t\t\t\t<div class=\"elementor-widget-container\">\n\t\t\t\t\t\t\t\t\t<p>Chers Citoyens de Mirecourt et de Beuel!<\/p><p>Les relations amicales entre les deux villes, qui ont commenc\u00e9 par des discussions intensives\u00a0<\/p><p>en rapport avec l&#8217;\u00e9change des cloches, ont maintenant plus de 50 ans. Ces ann\u00e9es ont \u00e9crit l&#8217;histoire de nos villes et ont consstitu\u00e9 une pi\u00e8ce importante de la mosaique de l&#8217;amiti\u00e9 franco-allemande.<\/p><p>Notre jumelage est un jumelage de citoyens, car plusieurs milliers de personnes, qu&#8217;elles soient de Mirecourt ou de Beuel, ont particip\u00e9 activement aux rencontres amicales de diff\u00e9rents types. Cette large base est \u00e9galement \u00e9vidente dans le travail engag\u00e9 des deux comit\u00e9s de jumelage. A Mirecourt il a \u00e9t\u00e9 fond\u00e9 en 1991 et sur l&#8217;initiative du chef de district<\/p><p>de l&#8217;\u00e9poque, Georg Fenniger, le comit\u00e9 Beuel a \u00e9t\u00e9 fond\u00e9 en 2000. Environ 180 membres du comit\u00e9 de jumelage de Beuel soutiennent nos activit\u00e9s et revitalisent l&#8217;amiti\u00e9 franco-allemande.<\/p><p>Nous remercions les p\u00e8res du jumelage, malheureusement d\u00e9ja d\u00e9c\u00e9d\u00e9s, qui ont pris une d\u00e9cision courageuse pour l&#8217;\u00e9poque. Nous pensons en particulier \u00e0 Henri Parisot, Robert Flambeau, Jacques Zimmermann et Jean Marie Bastien du c\u00f4t\u00e9 francais, ainsi qu&#8217;\u00e0 Hans Steger, Franz Brock et Erwin Kranz de Beuel.<\/p><p>Puisse cette amiti\u00e9 continuer \u00e0 contribuer au fait qu&#8217;il est \u00e9galement dans le c\u0153ur des jeunes et de la g\u00e9n\u00e9ration suivante b\u00e2tir l&#8217;avenir europ\u00e9en dans la paix et l&#8217;harmonie.<\/p><p>Que le jumelage Beuel-Mirecourt continue \u00e0 apporter du bonheur \u00e0 tous.<\/p><p>\u00a0<\/p><p><strong>Hanz Lennarz<\/strong><\/p><p><strong>Pr\u00e9sident 2000 &#8211; 2013<\/strong><\/p><p><strong>Pr\u00e9sident d&#8217;honneur depuis 2013<\/strong><\/p><p><strong>Beuel, ao\u00fbt 2020<\/strong><\/p>\t\t\t\t\t\t\t\t<\/div>\n\t\t\t\t<\/div>\n\t\t\t\t\t<\/div>\n\t\t<\/div>\n\t\t\t\t\t<\/div>\n\t\t<\/section>\n\t\t\t\t<\/div>\n\t\t","protected":false},"excerpt":{"rendered":"<p>Bureau 1. Pr\u00e9sidente: Regina Haunhorst 1. 1er adjoint: Helmut Dierks 2. 2i\u00e8me adjointe: Silke Esch Secr\u00e9taire: Klaus Bayer Tr\u00e9sori\u00e8re: Christel Mpouma Adjoint tr\u00e9sori\u00e8re: Birgit Schuh Assesseur: Jennifer Haunhorst Assesseur: Marie M\u00e9chineau-Moormann \u00a0 \u00a0 \u00a0 Anciens pr\u00e9sidents: Hans Lennarz (2000 &#8211; 2013), Klaus Ebert (2013 &#8211; 2019) Salutation du Pr\u00e9sident d&#8217;honneur du comit\u00e9 de Jumelage de [&hellip;]<\/p>\n","protected":false},"author":1,"featured_media":0,"parent":0,"menu_order":0,"comment_status":"closed","ping_status":"closed","template":"","meta":{"footnotes":""},"class_list":["post-637","page","type-page","status-publish","hentry"],"_links":{"self":[{"href":"https:\/\/beuel-mirecourt.eu\/WP\/wp-json\/wp\/v2\/pages\/637","targetHints":{"allow":["GET"]}}],"collection":[{"href":"https:\/\/beuel-mirecourt.eu\/WP\/wp-json\/wp\/v2\/pages"}],"about":[{"href":"https:\/\/beuel-mirecourt.eu\/WP\/wp-json\/wp\/v2\/types\/page"}],"author":[{"embeddable":true,"href":"https:\/\/beuel-mirecourt.eu\/WP\/wp-json\/wp\/v2\/users\/1"}],"replies":[{"embeddable":true,"href":"https:\/\/beuel-mirecourt.eu\/WP\/wp-json\/wp\/v2\/comments?post=637"}],"version-history":[{"count":14,"href":"https:\/\/beuel-mirecourt.eu\/WP\/wp-json\/wp\/v2\/pages\/637\/revisions"}],"predecessor-version":[{"id":4544,"href":"https:\/\/beuel-mirecourt.eu\/WP\/wp-json\/wp\/v2\/pages\/637\/revisions\/4544"}],"wp:attachment":[{"href":"https:\/\/beuel-mirecourt.eu\/WP\/wp-json\/wp\/v2\/media?parent=637"}],"curies":[{"name":"wp","href":"https:\/\/api.w.org\/{rel}","templated":true}]}}

<div data-elementor-type="wp-page" data-elementor-id="637" class="elementor elementor-637" data-elementor-post-type="page">
						<section class="elementor-section elementor-top-section elementor-element elementor-element-7b4f94f elementor-section-boxed elementor-section-height-default elementor-section-height-default" data-id="7b4f94f" data-element_type="section">
						<div class="elementor-container elementor-column-gap-default">
					<div class="elementor-column elementor-col-50 elementor-top-column elementor-element elementor-element-a206226" data-id="a206226" data-element_type="column">
			<div class="elementor-widget-wrap elementor-element-populated">
						<div class="elementor-element elementor-element-d6ad20e elementor-widget elementor-widget-image" data-id="d6ad20e" data-element_type="widget" data-widget_type="image.default">
				<div class="elementor-widget-container">
															<img fetchpriority="high" decoding="async" width="800" height="600" src="https://beuel-mirecourt.eu/WP/wp-content/uploads/2025/05/Vorstand_tc_1-1024x768.jpg" class="attachment-large size-large wp-image-4535" alt="" srcset="https://beuel-mirecourt.eu/WP/wp-content/uploads/2025/05/Vorstand_tc_1-1024x768.jpg 1024w, https://beuel-mirecourt.eu/WP/wp-content/uploads/2025/05/Vorstand_tc_1-300x225.jpg 300w, https://beuel-mirecourt.eu/WP/wp-content/uploads/2025/05/Vorstand_tc_1-768x576.jpg 768w, https://beuel-mirecourt.eu/WP/wp-content/uploads/2025/05/Vorstand_tc_1-1536x1152.jpg 1536w, https://beuel-mirecourt.eu/WP/wp-content/uploads/2025/05/Vorstand_tc_1.jpg 2000w" sizes="(max-width: 800px) 100vw, 800px" />															</div>
				</div>
				<div class="elementor-element elementor-element-9df4570 elementor-widget elementor-widget-text-editor" data-id="9df4570" data-element_type="widget" data-widget_type="text-editor.default">
				<div class="elementor-widget-container">
									<h2>Bureau</h2><table><tbody><tr><td><b>1. Présidente:</b></td><td>Regina Haunhorst</td></tr><tr><td><b>1. 1er adjoint:</b></td><td>Helmut Dierks</td></tr><tr><td><b>2. 2ième adjointe:</b></td><td>Silke Esch</td></tr><tr><td><b>Secrétaire:</b></td><td>Klaus Bayer</td></tr><tr><td><b>Trésorière:</b></td><td>Christel Mpouma</td></tr><tr><td><b>Adjoint trésorière:</b></td><td>Birgit Schuh</td></tr><tr><td><b>Assesseur:</b></td><td>Jennifer Haunhorst</td></tr><tr><td><b>Assesseur:</b></td><td>Marie Méchineau-Moormann</td></tr><tr><td> </td><td> </td></tr><tr><td> </td></tr><tr><td><b>Anciens présidents:</b></td><td>Hans Lennarz (2000 &#8211; 2013), Klaus Ebert (2013 &#8211; 2019)</td></tr></tbody></table>								</div>
				</div>
					</div>
		</div>
				<div class="elementor-column elementor-col-50 elementor-top-column elementor-element elementor-element-af412e5" data-id="af412e5" data-element_type="column">
			<div class="elementor-widget-wrap elementor-element-populated">
						<div class="elementor-element elementor-element-d9fc28d elementor-widget elementor-widget-heading" data-id="d9fc28d" data-element_type="widget" data-widget_type="heading.default">
				<div class="elementor-widget-container">
					<h2 class="elementor-heading-title elementor-size-default">Salutation du Président d'honneur du comité de Jumelage de Beuel</h2>				</div>
				</div>
				<div class="elementor-element elementor-element-d2a46e3 elementor-widget elementor-widget-text-editor" data-id="d2a46e3" data-element_type="widget" data-widget_type="text-editor.default">
				<div class="elementor-widget-container">
									<p>Chers Citoyens de Mirecourt et de Beuel!</p><p>Les relations amicales entre les deux villes, qui ont commencé par des discussions intensives </p><p>en rapport avec l&#8217;échange des cloches, ont maintenant plus de 50 ans. Ces années ont écrit l&#8217;histoire de nos villes et ont consstitué une pièce importante de la mosaique de l&#8217;amitié franco-allemande.</p><p>Notre jumelage est un jumelage de citoyens, car plusieurs milliers de personnes, qu&#8217;elles soient de Mirecourt ou de Beuel, ont participé activement aux rencontres amicales de différents types. Cette large base est également évidente dans le travail engagé des deux comités de jumelage. A Mirecourt il a été fondé en 1991 et sur l&#8217;initiative du chef de district</p><p>de l&#8217;époque, Georg Fenniger, le comité Beuel a été fondé en 2000. Environ 180 membres du comité de jumelage de Beuel soutiennent nos activités et revitalisent l&#8217;amitié franco-allemande.</p><p>Nous remercions les pères du jumelage, malheureusement déja décédés, qui ont pris une décision courageuse pour l&#8217;époque. Nous pensons en particulier à Henri Parisot, Robert Flambeau, Jacques Zimmermann et Jean Marie Bastien du côté francais, ainsi qu&#8217;à Hans Steger, Franz Brock et Erwin Kranz de Beuel.</p><p>Puisse cette amitié continuer à contribuer au fait qu&#8217;il est également dans le cœur des jeunes et de la génération suivante bâtir l&#8217;avenir européen dans la paix et l&#8217;harmonie.</p><p>Que le jumelage Beuel-Mirecourt continue à apporter du bonheur à tous.</p><p> </p><p><strong>Hanz Lennarz</strong></p><p><strong>Président 2000 &#8211; 2013</strong></p><p><strong>Président d&#8217;honneur depuis 2013</strong></p><p><strong>Beuel, août 2020</strong></p>								</div>
				</div>
					</div>
		</div>
					</div>
		</section>
				</div>

<p>Bureau 1. Présidente: Regina Haunhorst 1. 1er adjoint: Helmut Dierks 2. 2ième adjointe: Silke Esch Secrétaire: Klaus Bayer Trésorière: Christel Mpouma Adjoint trésorière: Birgit Schuh Assesseur: Jennifer Haunhorst Assesseur: Marie Méchineau-Moormann       Anciens présidents: Hans Lennarz (2000 &#8211; 2013), Klaus Ebert (2013 &#8211; 2019) Salutation du Président d&#8217;honneur du comité de Jumelage de [&hellip;]</p>
