{"id":90,"date":"2020-08-10T11:41:42","date_gmt":"2020-08-10T09:41:42","guid":{"rendered":"https:\/\/beuel-mirecourt.eu\/WP\/?page_id=90"},"modified":"2025-05-12T20:21:46","modified_gmt":"2025-05-12T18:21:46","slug":"vorstand-2","status":"publish","type":"page","link":"https:\/\/beuel-mirecourt.eu\/WP\/vorstand-2\/","title":{"rendered":"Vorstand"},"content":{"rendered":"\t\t<div data-elementor-type=\"wp-page\" data-elementor-id=\"90\" class=\"elementor elementor-90\" data-elementor-post-type=\"page\">\n\t\t\t\t\t\t<section class=\"elementor-section elementor-top-section elementor-element elementor-element-7b4f94f elementor-section-boxed elementor-section-height-default elementor-section-height-default\" data-id=\"7b4f94f\" data-element_type=\"section\">\n\t\t\t\t\t\t<div class=\"elementor-container elementor-column-gap-default\">\n\t\t\t\t\t<div class=\"elementor-column elementor-col-50 elementor-top-column elementor-element elementor-element-a206226\" data-id=\"a206226\" data-element_type=\"column\">\n\t\t\t<div class=\"elementor-widget-wrap elementor-element-populated\">\n\t\t\t\t\t\t<div class=\"elementor-element elementor-element-d6ad20e elementor-widget elementor-widget-image\" data-id=\"d6ad20e\" data-element_type=\"widget\" data-widget_type=\"image.default\">\n\t\t\t\t<div class=\"elementor-widget-container\">\n\t\t\t\t\t\t\t\t\t\t\t\t\t\t\t<img fetchpriority=\"high\" decoding=\"async\" width=\"800\" height=\"600\" src=\"https:\/\/beuel-mirecourt.eu\/WP\/wp-content\/uploads\/2025\/05\/Vorstand_tc_1-1024x768.jpg\" class=\"attachment-large size-large wp-image-4535\" alt=\"\" srcset=\"https:\/\/beuel-mirecourt.eu\/WP\/wp-content\/uploads\/2025\/05\/Vorstand_tc_1-1024x768.jpg 1024w, https:\/\/beuel-mirecourt.eu\/WP\/wp-content\/uploads\/2025\/05\/Vorstand_tc_1-300x225.jpg 300w, https:\/\/beuel-mirecourt.eu\/WP\/wp-content\/uploads\/2025\/05\/Vorstand_tc_1-768x576.jpg 768w, https:\/\/beuel-mirecourt.eu\/WP\/wp-content\/uploads\/2025\/05\/Vorstand_tc_1-1536x1152.jpg 1536w, https:\/\/beuel-mirecourt.eu\/WP\/wp-content\/uploads\/2025\/05\/Vorstand_tc_1.jpg 2000w\" sizes=\"(max-width: 800px) 100vw, 800px\" \/>\t\t\t\t\t\t\t\t\t\t\t\t\t\t\t<\/div>\n\t\t\t\t<\/div>\n\t\t\t\t<div class=\"elementor-element elementor-element-9df4570 elementor-widget elementor-widget-text-editor\" data-id=\"9df4570\" data-element_type=\"widget\" data-widget_type=\"text-editor.default\">\n\t\t\t\t<div class=\"elementor-widget-container\">\n\t\t\t\t\t\t\t\t\t<h2>Helmut DierksVorstand\u00a0<\/h2><table><tbody><tr><td><b>1. Vorsitzende:<\/b><\/td><td>Regina Haunhorst<\/td><\/tr><tr><td><b>1. Stellvertretender Vorsitzender:<\/b><\/td><td>Helmut Dierks<\/td><\/tr><tr><td><b>2. Stellvertretende Vorsitzende:<\/b><\/td><td>Silke Esch<\/td><\/tr><tr><td><b>Schriftf\u00fchrer:<\/b><\/td><td>Klaus Bayer<\/td><\/tr><tr><td><b>Schatzmeisterin:<\/b><\/td><td>Christel Mpouma<\/td><\/tr><tr><td><b>Stellvertretende Schatzmeisterin:<\/b><\/td><td>Birgit Schuh<\/td><\/tr><tr><td><b>Beisitzerin:<\/b><\/td><td>Jennifer Haunhorst<\/td><\/tr><tr><td><b>Beisitzerin:<\/b><\/td><td>Marie M\u00e9chineau-Moormann<\/td><\/tr><tr><td>\u00a0<\/td><td>\u00a0<\/td><\/tr><tr><td>\u00a0<\/td><\/tr><tr><td><b>Ehemalige Vorsitzende:<\/b><\/td><td>Hans Lennarz (2000 &#8211; 2013), Klaus Ebert (2013 &#8211; 2019)<\/td><\/tr><\/tbody><\/table>\t\t\t\t\t\t\t\t<\/div>\n\t\t\t\t<\/div>\n\t\t\t\t\t<\/div>\n\t\t<\/div>\n\t\t\t\t<div class=\"elementor-column elementor-col-50 elementor-top-column elementor-element elementor-element-af412e5\" data-id=\"af412e5\" data-element_type=\"column\">\n\t\t\t<div class=\"elementor-widget-wrap elementor-element-populated\">\n\t\t\t\t\t\t<div class=\"elementor-element elementor-element-d9fc28d elementor-widget elementor-widget-heading\" data-id=\"d9fc28d\" data-element_type=\"widget\" data-widget_type=\"heading.default\">\n\t\t\t\t<div class=\"elementor-widget-container\">\n\t\t\t\t\t<h2 class=\"elementor-heading-title elementor-size-default\">Gru\u00dfwort des Ehrenvorsitzenden<\/h2>\t\t\t\t<\/div>\n\t\t\t\t<\/div>\n\t\t\t\t<div class=\"elementor-element elementor-element-d2a46e3 elementor-widget elementor-widget-text-editor\" data-id=\"d2a46e3\" data-element_type=\"widget\" data-widget_type=\"text-editor.default\">\n\t\t\t\t<div class=\"elementor-widget-container\">\n\t\t\t\t\t\t\t\t\t<p>Liebe B\u00fcrgerinnen und B\u00fcrger aus Mirecourt und Beuel!<\/p><p>Die freundschaftlichen Beziehungen der beiden St\u00e4dte, begonnen mit den intensiven Gespr\u00e4chen im Zusammenhang mit dem Glockenaustausch, sind inzwischen \u00fcber 50 Jahre alt. Diese Jahre haben f\u00fcr unsere St\u00e4dte Geschichte geschrieben und waren ein wichtiger Mosaikstein f\u00fcr die Deutsch-Franz\u00f6sische-Freundschaft.<\/p><p>Unsere St\u00e4dtepartnerschaft ist eine Partnerschaft der B\u00fcrgerInnen, denn viele Tausende, sei es aus Mirecourt oder Beuel, haben aktiv an den freundschaftlichen Begegnungen unterschiedlicher Art mitgewirkt. Die breite Basis wird auch durch die engagierte Arbeit der beiden Partnerschaftskomitees erkennbar. In Mirecourt wurde es im Jahr 1991 gegr\u00fcndet und auf Initiative des damaligen Bezirksvorstehers Georg Fenniger folgte die Gr\u00fcndung des Beueler Komitees im Jahr 2000. Im Beueler Partnerschaftskomitee unterst\u00fctzen ca. 180 Mitglieder unsere Aktivit\u00e4ten und beleben die deutsch-franz\u00f6sische Freundschaft.<\/p><p>Wir danken den leider schon verstorbenen V\u00e4tern der St\u00e4dtepartnerschaft, die f\u00fcr die damalige Zeit eine mutige Entscheidung getroffen haben. Dabei denken wir im Besonderen an Henri Parisot, Robert Flambeau, Jacques Zimmermann und Jean-Marie Bastien auf franz\u00f6sischer Seite, sowie Hans Steger, Franz Brock und Erwin Kranz aus Beuel.<\/p><p>M\u00f6ge auch weiterhin diese Freundschaft dazu beitragen, dass es ebenfalls f\u00fcr die junge und nachfolgende Generation eine Herzensangelegenheit ist, die europ\u00e4ische Zukunft in Frieden und Eintracht zu gestalten.<\/p><p>Der St\u00e4dtepartnerschaft Beuel-Mirecourt weiterhin ein herzliches<\/p><p>Gl\u00fcck auf!<\/p><p>Hans Lennarz<\/p>\t\t\t\t\t\t\t\t<\/div>\n\t\t\t\t<\/div>\n\t\t\t\t\t<\/div>\n\t\t<\/div>\n\t\t\t\t\t<\/div>\n\t\t<\/section>\n\t\t\t\t<\/div>\n\t\t","protected":false},"excerpt":{"rendered":"<p>Helmut DierksVorstand\u00a0 1. Vorsitzende: Regina Haunhorst 1. Stellvertretender Vorsitzender: Helmut Dierks 2. Stellvertretende Vorsitzende: Silke Esch Schriftf\u00fchrer: Klaus Bayer Schatzmeisterin: Christel Mpouma Stellvertretende Schatzmeisterin: Birgit Schuh Beisitzerin: Jennifer Haunhorst Beisitzerin: Marie M\u00e9chineau-Moormann \u00a0 \u00a0 \u00a0 Ehemalige Vorsitzende: Hans Lennarz (2000 &#8211; 2013), Klaus Ebert (2013 &#8211; 2019) Gru\u00dfwort des Ehrenvorsitzenden Liebe B\u00fcrgerinnen und B\u00fcrger aus [&hellip;]<\/p>\n","protected":false},"author":1,"featured_media":0,"parent":0,"menu_order":0,"comment_status":"closed","ping_status":"closed","template":"","meta":{"footnotes":""},"class_list":["post-90","page","type-page","status-publish","hentry"],"_links":{"self":[{"href":"https:\/\/beuel-mirecourt.eu\/WP\/wp-json\/wp\/v2\/pages\/90","targetHints":{"allow":["GET"]}}],"collection":[{"href":"https:\/\/beuel-mirecourt.eu\/WP\/wp-json\/wp\/v2\/pages"}],"about":[{"href":"https:\/\/beuel-mirecourt.eu\/WP\/wp-json\/wp\/v2\/types\/page"}],"author":[{"embeddable":true,"href":"https:\/\/beuel-mirecourt.eu\/WP\/wp-json\/wp\/v2\/users\/1"}],"replies":[{"embeddable":true,"href":"https:\/\/beuel-mirecourt.eu\/WP\/wp-json\/wp\/v2\/comments?post=90"}],"version-history":[{"count":26,"href":"https:\/\/beuel-mirecourt.eu\/WP\/wp-json\/wp\/v2\/pages\/90\/revisions"}],"predecessor-version":[{"id":4541,"href":"https:\/\/beuel-mirecourt.eu\/WP\/wp-json\/wp\/v2\/pages\/90\/revisions\/4541"}],"wp:attachment":[{"href":"https:\/\/beuel-mirecourt.eu\/WP\/wp-json\/wp\/v2\/media?parent=90"}],"curies":[{"name":"wp","href":"https:\/\/api.w.org\/{rel}","templated":true}]}}

<div data-elementor-type="wp-page" data-elementor-id="90" class="elementor elementor-90" data-elementor-post-type="page">
						<section class="elementor-section elementor-top-section elementor-element elementor-element-7b4f94f elementor-section-boxed elementor-section-height-default elementor-section-height-default" data-id="7b4f94f" data-element_type="section">
						<div class="elementor-container elementor-column-gap-default">
					<div class="elementor-column elementor-col-50 elementor-top-column elementor-element elementor-element-a206226" data-id="a206226" data-element_type="column">
			<div class="elementor-widget-wrap elementor-element-populated">
						<div class="elementor-element elementor-element-d6ad20e elementor-widget elementor-widget-image" data-id="d6ad20e" data-element_type="widget" data-widget_type="image.default">
				<div class="elementor-widget-container">
															<img fetchpriority="high" decoding="async" width="800" height="600" src="https://beuel-mirecourt.eu/WP/wp-content/uploads/2025/05/Vorstand_tc_1-1024x768.jpg" class="attachment-large size-large wp-image-4535" alt="" srcset="https://beuel-mirecourt.eu/WP/wp-content/uploads/2025/05/Vorstand_tc_1-1024x768.jpg 1024w, https://beuel-mirecourt.eu/WP/wp-content/uploads/2025/05/Vorstand_tc_1-300x225.jpg 300w, https://beuel-mirecourt.eu/WP/wp-content/uploads/2025/05/Vorstand_tc_1-768x576.jpg 768w, https://beuel-mirecourt.eu/WP/wp-content/uploads/2025/05/Vorstand_tc_1-1536x1152.jpg 1536w, https://beuel-mirecourt.eu/WP/wp-content/uploads/2025/05/Vorstand_tc_1.jpg 2000w" sizes="(max-width: 800px) 100vw, 800px" />															</div>
				</div>
				<div class="elementor-element elementor-element-9df4570 elementor-widget elementor-widget-text-editor" data-id="9df4570" data-element_type="widget" data-widget_type="text-editor.default">
				<div class="elementor-widget-container">
									<h2>Helmut DierksVorstand </h2><table><tbody><tr><td><b>1. Vorsitzende:</b></td><td>Regina Haunhorst</td></tr><tr><td><b>1. Stellvertretender Vorsitzender:</b></td><td>Helmut Dierks</td></tr><tr><td><b>2. Stellvertretende Vorsitzende:</b></td><td>Silke Esch</td></tr><tr><td><b>Schriftführer:</b></td><td>Klaus Bayer</td></tr><tr><td><b>Schatzmeisterin:</b></td><td>Christel Mpouma</td></tr><tr><td><b>Stellvertretende Schatzmeisterin:</b></td><td>Birgit Schuh</td></tr><tr><td><b>Beisitzerin:</b></td><td>Jennifer Haunhorst</td></tr><tr><td><b>Beisitzerin:</b></td><td>Marie Méchineau-Moormann</td></tr><tr><td> </td><td> </td></tr><tr><td> </td></tr><tr><td><b>Ehemalige Vorsitzende:</b></td><td>Hans Lennarz (2000 &#8211; 2013), Klaus Ebert (2013 &#8211; 2019)</td></tr></tbody></table>								</div>
				</div>
					</div>
		</div>
				<div class="elementor-column elementor-col-50 elementor-top-column elementor-element elementor-element-af412e5" data-id="af412e5" data-element_type="column">
			<div class="elementor-widget-wrap elementor-element-populated">
						<div class="elementor-element elementor-element-d9fc28d elementor-widget elementor-widget-heading" data-id="d9fc28d" data-element_type="widget" data-widget_type="heading.default">
				<div class="elementor-widget-container">
					<h2 class="elementor-heading-title elementor-size-default">Grußwort des Ehrenvorsitzenden</h2>				</div>
				</div>
				<div class="elementor-element elementor-element-d2a46e3 elementor-widget elementor-widget-text-editor" data-id="d2a46e3" data-element_type="widget" data-widget_type="text-editor.default">
				<div class="elementor-widget-container">
									<p>Liebe Bürgerinnen und Bürger aus Mirecourt und Beuel!</p><p>Die freundschaftlichen Beziehungen der beiden Städte, begonnen mit den intensiven Gesprächen im Zusammenhang mit dem Glockenaustausch, sind inzwischen über 50 Jahre alt. Diese Jahre haben für unsere Städte Geschichte geschrieben und waren ein wichtiger Mosaikstein für die Deutsch-Französische-Freundschaft.</p><p>Unsere Städtepartnerschaft ist eine Partnerschaft der BürgerInnen, denn viele Tausende, sei es aus Mirecourt oder Beuel, haben aktiv an den freundschaftlichen Begegnungen unterschiedlicher Art mitgewirkt. Die breite Basis wird auch durch die engagierte Arbeit der beiden Partnerschaftskomitees erkennbar. In Mirecourt wurde es im Jahr 1991 gegründet und auf Initiative des damaligen Bezirksvorstehers Georg Fenniger folgte die Gründung des Beueler Komitees im Jahr 2000. Im Beueler Partnerschaftskomitee unterstützen ca. 180 Mitglieder unsere Aktivitäten und beleben die deutsch-französische Freundschaft.</p><p>Wir danken den leider schon verstorbenen Vätern der Städtepartnerschaft, die für die damalige Zeit eine mutige Entscheidung getroffen haben. Dabei denken wir im Besonderen an Henri Parisot, Robert Flambeau, Jacques Zimmermann und Jean-Marie Bastien auf französischer Seite, sowie Hans Steger, Franz Brock und Erwin Kranz aus Beuel.</p><p>Möge auch weiterhin diese Freundschaft dazu beitragen, dass es ebenfalls für die junge und nachfolgende Generation eine Herzensangelegenheit ist, die europäische Zukunft in Frieden und Eintracht zu gestalten.</p><p>Der Städtepartnerschaft Beuel-Mirecourt weiterhin ein herzliches</p><p>Glück auf!</p><p>Hans Lennarz</p>								</div>
				</div>
					</div>
		</div>
					</div>
		</section>
				</div>

<p>Helmut DierksVorstand  1. Vorsitzende: Regina Haunhorst 1. Stellvertretender Vorsitzender: Helmut Dierks 2. Stellvertretende Vorsitzende: Silke Esch Schriftführer: Klaus Bayer Schatzmeisterin: Christel Mpouma Stellvertretende Schatzmeisterin: Birgit Schuh Beisitzerin: Jennifer Haunhorst Beisitzerin: Marie Méchineau-Moormann       Ehemalige Vorsitzende: Hans Lennarz (2000 &#8211; 2013), Klaus Ebert (2013 &#8211; 2019) Grußwort des Ehrenvorsitzenden Liebe Bürgerinnen und Bürger aus [&hellip;]</p>
